remainder when 35 is divided by n?
17
Let v be (9/(-12))/(1/148). Let z = 160 + v. Let h = z - 27. What is the remainder when h is divided by 12?
10
Let z(x) = x**3 + 6*x**2 + 3*x + 2. Let r be z(-5). Suppose -3*g - g = -r. Let c = 10 - 8. What is the remainder when g is divided by c?
1
Suppose -3*q = 2*q - 10. Suppose -q*v + 28 + 4 = 0. What is the remainder when 47 is divided by v?
15
Suppose -o - 3 = -4*o - 3*s, -5*s = 20. What is the remainder when 18 is divided by o?
3
Let p be (-2)/(-5) - 388/20. What is the remainder when -3 - p - -3 - 2 is divided by 10?
7
Let q be (-2)/9 - 20/(-9). Suppose 0 = -4*r - 20, q*r - 5*r = 3*u - 45. Let y = -7 + 14. What is the remainder when u is divided by y?
6
Suppose 0 = 2*o - 5 - 1. Suppose -o*b - 14 = -62. Let v = b + 0. What is the remainder when v is divided by 6?
4
Let l(p) = p**2 + 12*p + 9. Let x(t) = t. Let y(w) = l(w) - 6*x(w). What is the remainder when 33 is divided by y(-6)?
6
Let z be 4/(-6) + (-14)/6. Let y be (1 - -1)*(4 + z). Suppose 3*o - 1 = l - o, 0 = l - y*o - 3. Calculate the remainder when 27 is divided by l.
6
Let b(q) = -12*q + 2. Suppose 4*n = -5*k + 12, -n - 5*k = -3*n - 24. Let f be b(n). What is the remainder when f/(1 - 0/3) is divided by 14?
12
Suppose 15*u = 16*u - 10. Let s = u - -13. What is the remainder when s is divided by 7?
2
Suppose -2*b + 4*b = 6. Suppose 0 - 3 = -f. Suppose -2*x = 4*r - 28, 2*r + 3*r - f*x - 35 = 0. What is the remainder when r is divided by b?
1
Let x(t) = -t. Let j = -16 + 11. Let m be x(j). Suppose m*z - 18 = 22. Calculate the remainder when z is divided by 5.
3
Suppose 5*u + 0*u - 2*w + 89 = 0, 0 = 5*u - 3*w + 86. Let t = 17 - u. Calculate the remainder when t is divided by 13.
10
Let n(y) = y**3 - 9*y**2 + 10*y. What is the remainder when 63 is divided by n(8)?
15
Let x be 6/4*12/9. Suppose x*w + 2*w = 212. What is the remainder when w is divided by 14?
11
Suppose 0 = -5*v + v. Suppose 0*s - 5*s = 2*r - 79, -5*s + 3*r + 69 = v. Let a = 28 - s. Calculate the remainder when a is divided by 5.
3
Let n(d) = -d - 2. Calculate the remainder when 48 is divided by n(-9).
6
Suppose -w - 2*t + 9 = -8, 41 = w - 4*t. What is the remainder when 49 is divided by w?
24
What is the remainder when (0 - -1)*(68 - 2) is divided by 17?
15
Let b(f) = -f + 10. Let o be ((-6)/(-4))/((-2)/(-4)). Suppose 0 = 2*j - 55 - o. Calculate the remainder when j is divided by b(0).
9
Let s = -146 + 176. Calculate the remainder when 147 is divided by s.
27
Suppose 3*i + 105 = 8*i. Let q = 29 + i. Let z(h) = -h + 17. What is the remainder when q is divided by z(0)?
16
Let h(k) = -k**2 + 3*k + 4. Let b be h(3). Suppose 2*z + 2*z = -2*x + b, -5*z - 47 = -4*x. What is the remainder when 15 is divided by x?
7
Suppose 5*t - t - 692 = 4*v, -2*t - 4*v + 370 = 0. Calculate the remainder when (t/(-9))/((-3)/9) is divided by 20.
19
Calculate the remainder when 27 is divided by ((-24)/(-10))/3*20.
11
Suppose -3*t - 3*y + 21 = -6*y, 0 = 2*y - 8. Suppose -4*d + 47 = t. Let v(s) = -s**3 - 13*s**2 - 12*s + 4. Calculate the remainder when d is divided by v(-12).
1
Let l(d) = -d - 2. Let p(r) = r**3 - 6*r**2 + 4*r + 1. Let f be p(5). Calculate the remainder when 46/4 + 2/f is divided by l(-6).
3
Let d(r) = -4*r. Suppose 0 = -4*f - 1 + 9. Let u be d(f). Let s = -6 - u. What is the remainder when s is divided by 2?
0
Let f(j) = -8*j - 14. What is the remainder when f(-14) is divided by 20?
18
Let c(h) = h**3 - 6*h**2 + 4*h + 2. Let n be c(6). Suppose 0 = 5*x + 5*m - 6*m - 65, 2*x = -5*m + n. Calculate the remainder when x is divided by 4.
1
Let r(b) = 0*b**3 + b - b**2 + 6*b**2 - b**3. Calculate the remainder when r(4) is divided by 7.
6
Suppose 0 = i + 3*i - 16. Suppose -i*n = -3*l + n + 66, -4*l - 4*n = -88. Calculate the remainder when l is divided by 8.
6
Suppose -b - 17 = -2*b. What is the remainder when b is divided by (2 - 3)/((-5)/45)?
8
Suppose -7 = -c + 2*c. Let b(g) = -g**3 - 6*g**2 + 4*g - 8. Let s(v) = 19*v - 1. What is the remainder when s(2) is divided by b(c)?
11
Let c(g) = -6*g. Calculate the remainder when (-97)/(-2) - 51/34 is divided by c(-2).
11
Suppose 0 = -2*z + 55 + 13. What is the remainder when z is divided by 12?
10
Let q = 36 + -13. Calculate the remainder when 89 is divided by q.
20
Suppose 0 = -25*p + 20*p + 505. What is the remainder when p is divided by 13?
10
Suppose 4*w + 3 = -2*k + 59, 0 = -3*w + 3*k + 24. Suppose 0 = -2*r + 16 + w. Calculate the remainder when r is divided by 3.
2
Let a = 6 + -4. Suppose 3*m - c = 4*m - 58, 179 = 3*m - 2*c. What is the remainder when m is divided by (-6 - -8) + 9*a?
19
Suppose 4*k + 5*n = n + 316, 4*n + 188 = 2*k. Suppose 5*g + 6 = 7*d - 3*d, -5*g + 22 = 3*d. Suppose d*r = r + k. What is the remainder when r is divided by 15?
13
Suppose 0 = -r + 4*r - 6. Suppose -2*p + 10 = 0, -3*k = -r*p - 36 - 38. Calculate the remainder when k is divided by 10.
8
Suppose 0*x + 85 = 5*x. Suppose -4*j - x = -5*j. What is the remainder when 48 is divided by j?
14
Suppose -w + 27 = 4*w + 2*b, -5*w = -b - 39. Let k be ((-1)/1)/((-5)/(-15)). Calculate the remainder when w is divided by 1*(1 + k - -6).
3
Suppose -k + 0*m + 2*m = -17, 2 = 2*k + 4*m. Let l(s) = 2*s + 11. What is the remainder when l(k) is divided by 16/6*(0 + 3)?
5
Let r(m) = -m**2 + 4*m + 11. What is the remainder when 8 is divided by r(5)?
2
Let h be (-2)/(4 - 106/26). Suppose -3*o + 85 = 25. Calculate the remainder when (h + 3)*(3 - 1) is divided by o.
18
Suppose -5*c + 18 = 2*w + 56, -4*c - 78 = 5*w. Let r = -7 - w. What is the remainder when 17 is divided by r?
3
Suppose -3*l - 5*u = -3 - 4, 2*l = -2*u + 6. Suppose -2*t - t = -45. Suppose -d = -7*x + 2*x - 34, -t = 3*x. Calculate the remainder when d is divided by l.
1
Let i = -39 + 115. What is the remainder when i is divided by 0/(-1) + 78/3?
24
Let t(x) = -2*x**3 + x**2 + 2*x + 1. Suppose 3*a + 7 = -2*i + 4*i, 2 = -5*i + a. Suppose 1 + 9 = 5*b. What is the remainder when b is divided by t(i)?
0
What is the remainder when (-147)/(-15) + (-2)/(-10) is divided by 3/(-2)*(-9 + 7)?
1
Suppose 199 + 69 = 4*b. Suppose -2*l + y - 56 = -5*l, -5*y + 42 = l. What is the remainder when b is divided by l?
16
Suppose 0*q + 3*q = 4*u + 179, q - 45 = u. Let i = 113 - u. Let p = -107 + i. Calculate the remainder when p is divided by 17.
16
Let k = -36 + 57. Calculate the remainder when k is divided by 6.
3
Suppose -30 + 88 = 2*d. What is the remainder when d is divided by 8?
5
Let j = -7 + 17. Calculate the remainder when j is divided by 12/(-16)*-4*(-8)/(-6).
2
Let q(u) = -u**3 + 5*u**2 + 3*u. Calculate the remainder when 52 is divided by q(4).
24
Calculate the remainder when (((-134)/(-3))/(-2))/((-4)/12) is divided by 24.
19
Calculate the remainder when 164 is divided by 273/7 + 6/(2 - 0).
38
Let r = -14 - -39. Let w(t) = t**2 + 6*t - 7. Calculate the remainder when r is divided by w(-8).
7
Let s be -3*(-1)/((-3)/(-2)). Calculate the remainder when 32 is divided by (-2)/4 - (-23)/s.
10
Suppose 4*l - 16 = 0, -3*l - 2*l + 64 = 4*q. Calculate the remainder when 29 is divided by q.
7
Suppose 2*l = -1 + 13. Calculate the remainder when l is divided by 2.
0
What is the remainder when (3/(-12))/((-5)/460) is divided by 4?
3
Suppose -3*b - 12 = 0, -4*l - 53 = -9*l + 2*b. Calculate the remainder when 24 is divided by l.
6
Suppose -574 = 2*m - 16*m. Let o(h) = 5*h**2 + h - 1. What is the remainder when m is divided by o(2)?
20
Let v = 409 - 292. What is the remainder when v is divided by 17?
15
Suppose 2*t - 24 = -4*r, -t + 6 = r - 0*t. Let g(n) = 16*n**2 - n. Suppose 2*o + 6 = 4. Calculate the remainder when g(o) is divided by r.
5
Let x = -134 - -246. What is the remainder when (x/24)/(2/6) is divided by 3?
2
Let j be ((-4)/3)/((-8)/300). Suppose -5*q = -j - 45. Calculate the remainder when 55 is divided by q.
17
What is the remainder when 166 is divided by ((-11)/2 + 3)*(-56)/5?
26
Let r(q) = -q**3 - 5*q**2 + 4*q - 13. Let s be r(-9). Suppose -5*d + s = -0*d. Calculate the remainder when d is divided by 19.
17
Let a = 29 + 101. Suppose -a = -5*c - 0*c. Let d(l) = -15*l - 1. Calculate the remainder when c is divided by d(-1).
12
Suppose -5*r + 0*r = -20. Let t(b) = b**3 - 3*b**2 - 3*b + 3. Calculate the remainder when 24 is divided by t(r).
3
L